{"id":4463,"date":"2024-08-07T17:23:08","date_gmt":"2024-08-07T15:23:08","guid":{"rendered":"https:\/\/www.itekcom.com\/?post_type=collaborateurs&#038;p=4463"},"modified":"2024-08-07T17:23:09","modified_gmt":"2024-08-07T15:23:09","slug":"aurelie-mendes","status":"publish","type":"collaborateurs","link":"https:\/\/www.itekcom.com\/es\/empleados\/aurelie-mendes\/","title":{"rendered":"Aurelie MENDES"},"content":{"rendered":"","protected":false},"featured_media":4464,"template":"","class_list":["post-4463","collaborateurs","type-collaborateurs","status-publish","has-post-thumbnail","hentry"],"acf":[],"yoast_head":"<!-- This site is optimized with the Yoast SEO plugin v27.5 - https:\/\/yoast.com\/product\/yoast-seo-wordpress\/ -->\n<title>Aurelie MENDES - Agence Digitale Sp\u00e9cialis\u00e9e en E-Sant\u00e9 et Marketing M\u00e9dical<\/title>\n<meta name=\"robots\" content=\"index, follow, max-snippet:-1, max-image-preview:large, max-video-preview:-1\" \/>\n<link rel=\"canonical\" href=\"https:\/\/www.itekcom.com\/es\/empleados\/aurelie-mendes\/\" \/>\n<meta property=\"og:locale\" content=\"es_ES\" \/>\n<meta property=\"og:type\" content=\"article\" \/>\n<meta property=\"og:title\" content=\"Aurelie MENDES - Agence Digitale Sp\u00e9cialis\u00e9e en E-Sant\u00e9 et Marketing M\u00e9dical\" \/>\n<meta property=\"og:url\" content=\"https:\/\/www.itekcom.com\/es\/empleados\/aurelie-mendes\/\" \/>\n<meta property=\"og:site_name\" content=\"Agence Digitale Sp\u00e9cialis\u00e9e en E-Sant\u00e9 et Marketing M\u00e9dical\" \/>\n<meta property=\"article:modified_time\" content=\"2024-08-07T15:23:09+00:00\" \/>\n<meta property=\"og:image\" content=\"https:\/\/www.itekcom.com\/wp-content\/uploads\/2024\/08\/Aurelie-Mendes.jpg\" \/>\n\t<meta property=\"og:image:width\" content=\"1134\" \/>\n\t<meta property=\"og:image:height\" content=\"1349\" \/>\n\t<meta property=\"og:image:type\" content=\"image\/jpeg\" \/>\n<meta name=\"twitter:card\" content=\"summary_large_image\" \/>\n<script type=\"application\/ld+json\" class=\"yoast-schema-graph\">{\"@context\":\"https:\\\/\\\/schema.org\",\"@graph\":[{\"@type\":\"WebPage\",\"@id\":\"https:\\\/\\\/www.itekcom.com\\\/collaborateurs\\\/aurelie-mendes\\\/\",\"url\":\"https:\\\/\\\/www.itekcom.com\\\/collaborateurs\\\/aurelie-mendes\\\/\",\"name\":\"Aurelie MENDES - Agence Digitale Sp\u00e9cialis\u00e9e en E-Sant\u00e9 et Marketing M\u00e9dical\",\"isPartOf\":{\"@id\":\"https:\\\/\\\/www.itekcom.com\\\/#website\"},\"primaryImageOfPage\":{\"@id\":\"https:\\\/\\\/www.itekcom.com\\\/collaborateurs\\\/aurelie-mendes\\\/#primaryimage\"},\"image\":{\"@id\":\"https:\\\/\\\/www.itekcom.com\\\/collaborateurs\\\/aurelie-mendes\\\/#primaryimage\"},\"thumbnailUrl\":\"https:\\\/\\\/www.itekcom.com\\\/wp-content\\\/uploads\\\/2024\\\/08\\\/Aurelie-Mendes.jpg\",\"datePublished\":\"2024-08-07T15:23:08+00:00\",\"dateModified\":\"2024-08-07T15:23:09+00:00\",\"breadcrumb\":{\"@id\":\"https:\\\/\\\/www.itekcom.com\\\/collaborateurs\\\/aurelie-mendes\\\/#breadcrumb\"},\"inLanguage\":\"es\",\"potentialAction\":[{\"@type\":\"ReadAction\",\"target\":[\"https:\\\/\\\/www.itekcom.com\\\/collaborateurs\\\/aurelie-mendes\\\/\"]}]},{\"@type\":\"ImageObject\",\"inLanguage\":\"es\",\"@id\":\"https:\\\/\\\/www.itekcom.com\\\/collaborateurs\\\/aurelie-mendes\\\/#primaryimage\",\"url\":\"https:\\\/\\\/www.itekcom.com\\\/wp-content\\\/uploads\\\/2024\\\/08\\\/Aurelie-Mendes.jpg\",\"contentUrl\":\"https:\\\/\\\/www.itekcom.com\\\/wp-content\\\/uploads\\\/2024\\\/08\\\/Aurelie-Mendes.jpg\",\"width\":1134,\"height\":1349,\"caption\":\"Aurelie-Mendes\"},{\"@type\":\"BreadcrumbList\",\"@id\":\"https:\\\/\\\/www.itekcom.com\\\/collaborateurs\\\/aurelie-mendes\\\/#breadcrumb\",\"itemListElement\":[{\"@type\":\"ListItem\",\"position\":1,\"name\":\"Accueil\",\"item\":\"https:\\\/\\\/www.itekcom.com\\\/\"},{\"@type\":\"ListItem\",\"position\":2,\"name\":\"Aurelie MENDES\"}]},{\"@type\":\"WebSite\",\"@id\":\"https:\\\/\\\/www.itekcom.com\\\/#website\",\"url\":\"https:\\\/\\\/www.itekcom.com\\\/\",\"name\":\"Agence Digitale Sp\u00e9cialis\u00e9e en E-Sant\u00e9 et Marketing M\u00e9dical\",\"description\":\"Innover la Sant\u00e9 Digitale, Transformer Vos Ambitions\",\"publisher\":{\"@id\":\"https:\\\/\\\/www.itekcom.com\\\/#organization\"},\"potentialAction\":[{\"@type\":\"SearchAction\",\"target\":{\"@type\":\"EntryPoint\",\"urlTemplate\":\"https:\\\/\\\/www.itekcom.com\\\/?s={search_term_string}\"},\"query-input\":{\"@type\":\"PropertyValueSpecification\",\"valueRequired\":true,\"valueName\":\"search_term_string\"}}],\"inLanguage\":\"es\"},{\"@type\":\"Organization\",\"@id\":\"https:\\\/\\\/www.itekcom.com\\\/#organization\",\"name\":\"Agence Digitale Sp\u00e9cialis\u00e9e en E-Sant\u00e9 et Marketing M\u00e9dical\",\"url\":\"https:\\\/\\\/www.itekcom.com\\\/\",\"logo\":{\"@type\":\"ImageObject\",\"inLanguage\":\"es\",\"@id\":\"https:\\\/\\\/www.itekcom.com\\\/#\\\/schema\\\/logo\\\/image\\\/\",\"url\":\"https:\\\/\\\/www.itekcom.com\\\/wp-content\\\/uploads\\\/2022\\\/10\\\/logo-itek.svg\",\"contentUrl\":\"https:\\\/\\\/www.itekcom.com\\\/wp-content\\\/uploads\\\/2022\\\/10\\\/logo-itek.svg\",\"caption\":\"Agence Digitale Sp\u00e9cialis\u00e9e en E-Sant\u00e9 et Marketing M\u00e9dical\"},\"image\":{\"@id\":\"https:\\\/\\\/www.itekcom.com\\\/#\\\/schema\\\/logo\\\/image\\\/\"}}]}<\/script>\n<!-- \/ Yoast SEO plugin. -->","yoast_head_json":{"title":"Aurelie MENDES - Agencia digital especializada en cibersalud y marketing m\u00e9dico","robots":{"index":"index","follow":"follow","max-snippet":"max-snippet:-1","max-image-preview":"max-image-preview:large","max-video-preview":"max-video-preview:-1"},"canonical":"https:\/\/www.itekcom.com\/es\/empleados\/aurelie-mendes\/","og_locale":"es_ES","og_type":"article","og_title":"Aurelie MENDES - Agence Digitale Sp\u00e9cialis\u00e9e en E-Sant\u00e9 et Marketing M\u00e9dical","og_url":"https:\/\/www.itekcom.com\/es\/empleados\/aurelie-mendes\/","og_site_name":"Agence Digitale Sp\u00e9cialis\u00e9e en E-Sant\u00e9 et Marketing M\u00e9dical","article_modified_time":"2024-08-07T15:23:09+00:00","og_image":[{"width":1134,"height":1349,"url":"https:\/\/www.itekcom.com\/wp-content\/uploads\/2024\/08\/Aurelie-Mendes.jpg","type":"image\/jpeg"}],"twitter_card":"summary_large_image","schema":{"@context":"https:\/\/schema.org","@graph":[{"@type":"WebPage","@id":"https:\/\/www.itekcom.com\/collaborateurs\/aurelie-mendes\/","url":"https:\/\/www.itekcom.com\/collaborateurs\/aurelie-mendes\/","name":"Aurelie MENDES - Agencia digital especializada en cibersalud y marketing m\u00e9dico","isPartOf":{"@id":"https:\/\/www.itekcom.com\/#website"},"primaryImageOfPage":{"@id":"https:\/\/www.itekcom.com\/collaborateurs\/aurelie-mendes\/#primaryimage"},"image":{"@id":"https:\/\/www.itekcom.com\/collaborateurs\/aurelie-mendes\/#primaryimage"},"thumbnailUrl":"https:\/\/www.itekcom.com\/wp-content\/uploads\/2024\/08\/Aurelie-Mendes.jpg","datePublished":"2024-08-07T15:23:08+00:00","dateModified":"2024-08-07T15:23:09+00:00","breadcrumb":{"@id":"https:\/\/www.itekcom.com\/collaborateurs\/aurelie-mendes\/#breadcrumb"},"inLanguage":"es","potentialAction":[{"@type":"ReadAction","target":["https:\/\/www.itekcom.com\/collaborateurs\/aurelie-mendes\/"]}]},{"@type":"ImageObject","inLanguage":"es","@id":"https:\/\/www.itekcom.com\/collaborateurs\/aurelie-mendes\/#primaryimage","url":"https:\/\/www.itekcom.com\/wp-content\/uploads\/2024\/08\/Aurelie-Mendes.jpg","contentUrl":"https:\/\/www.itekcom.com\/wp-content\/uploads\/2024\/08\/Aurelie-Mendes.jpg","width":1134,"height":1349,"caption":"Aurelie-Mendes"},{"@type":"BreadcrumbList","@id":"https:\/\/www.itekcom.com\/collaborateurs\/aurelie-mendes\/#breadcrumb","itemListElement":[{"@type":"ListItem","position":1,"name":"Accueil","item":"https:\/\/www.itekcom.com\/"},{"@type":"ListItem","position":2,"name":"Aurelie MENDES"}]},{"@type":"WebSite","@id":"https:\/\/www.itekcom.com\/#website","url":"https:\/\/www.itekcom.com\/","name":"Agencia digital especializada en sanidad electr\u00f3nica y marketing m\u00e9dico","description":"Innovar en salud digital, transformar sus ambiciones","publisher":{"@id":"https:\/\/www.itekcom.com\/#organization"},"potentialAction":[{"@type":"SearchAction","target":{"@type":"EntryPoint","urlTemplate":"https:\/\/www.itekcom.com\/?s={search_term_string}"},"query-input":{"@type":"PropertyValueSpecification","valueRequired":true,"valueName":"search_term_string"}}],"inLanguage":"es"},{"@type":"Organization","@id":"https:\/\/www.itekcom.com\/#organization","name":"Agencia digital especializada en sanidad electr\u00f3nica y marketing m\u00e9dico","url":"https:\/\/www.itekcom.com\/","logo":{"@type":"ImageObject","inLanguage":"es","@id":"https:\/\/www.itekcom.com\/#\/schema\/logo\/image\/","url":"https:\/\/www.itekcom.com\/wp-content\/uploads\/2022\/10\/logo-itek.svg","contentUrl":"https:\/\/www.itekcom.com\/wp-content\/uploads\/2022\/10\/logo-itek.svg","caption":"Agence Digitale Sp\u00e9cialis\u00e9e en E-Sant\u00e9 et Marketing M\u00e9dical"},"image":{"@id":"https:\/\/www.itekcom.com\/#\/schema\/logo\/image\/"}}]}},"_links":{"self":[{"href":"https:\/\/www.itekcom.com\/es\/wp-json\/wp\/v2\/collaborateurs\/4463","targetHints":{"allow":["GET"]}}],"collection":[{"href":"https:\/\/www.itekcom.com\/es\/wp-json\/wp\/v2\/collaborateurs"}],"about":[{"href":"https:\/\/www.itekcom.com\/es\/wp-json\/wp\/v2\/types\/collaborateurs"}],"version-history":[{"count":1,"href":"https:\/\/www.itekcom.com\/es\/wp-json\/wp\/v2\/collaborateurs\/4463\/revisions"}],"predecessor-version":[{"id":4465,"href":"https:\/\/www.itekcom.com\/es\/wp-json\/wp\/v2\/collaborateurs\/4463\/revisions\/4465"}],"wp:featuredmedia":[{"embeddable":true,"href":"https:\/\/www.itekcom.com\/es\/wp-json\/wp\/v2\/media\/4464"}],"wp:attachment":[{"href":"https:\/\/www.itekcom.com\/es\/wp-json\/wp\/v2\/media?parent=4463"}],"curies":[{"name":"wp","href":"https:\/\/api.w.org\/{rel}","templated":true}]}}

<!-- This site is optimized with the Yoast SEO plugin v27.5 - https://yoast.com/product/yoast-seo-wordpress/ -->
<title>Aurelie MENDES - Agence Digitale Spécialisée en E-Santé et Marketing Médical</title>
<meta name="robots" content="index, follow, max-snippet:-1, max-image-preview:large, max-video-preview:-1" />
<link rel="canonical" href="https://www.itekcom.com/es/empleados/aurelie-mendes/" />
<meta property="og:locale" content="es_ES" />
<meta property="og:type" content="article" />
<meta property="og:title" content="Aurelie MENDES - Agence Digitale Spécialisée en E-Santé et Marketing Médical" />
<meta property="og:url" content="https://www.itekcom.com/es/empleados/aurelie-mendes/" />
<meta property="og:site_name" content="Agence Digitale Spécialisée en E-Santé et Marketing Médical" />
<meta property="article:modified_time" content="2024-08-07T15:23:09+00:00" />
<meta property="og:image" content="https://www.itekcom.com/wp-content/uploads/2024/08/Aurelie-Mendes.jpg" />
	<meta property="og:image:width" content="1134" />
	<meta property="og:image:height" content="1349" />
	<meta property="og:image:type" content="image/jpeg" />
<meta name="twitter:card" content="summary_large_image" />
<script type="application/ld+json" class="yoast-schema-graph">{"@context":"https:\/\/schema.org","@graph":[{"@type":"WebPage","@id":"https:\/\/www.itekcom.com\/collaborateurs\/aurelie-mendes\/","url":"https:\/\/www.itekcom.com\/collaborateurs\/aurelie-mendes\/","name":"Aurelie MENDES - Agence Digitale Spécialisée en E-Santé et Marketing Médical","isPartOf":{"@id":"https:\/\/www.itekcom.com\/#website"},"primaryImageOfPage":{"@id":"https:\/\/www.itekcom.com\/collaborateurs\/aurelie-mendes\/#primaryimage"},"image":{"@id":"https:\/\/www.itekcom.com\/collaborateurs\/aurelie-mendes\/#primaryimage"},"thumbnailUrl":"https:\/\/www.itekcom.com\/wp-content\/uploads\/2024\/08\/Aurelie-Mendes.jpg","datePublished":"2024-08-07T15:23:08+00:00","dateModified":"2024-08-07T15:23:09+00:00","breadcrumb":{"@id":"https:\/\/www.itekcom.com\/collaborateurs\/aurelie-mendes\/#breadcrumb"},"inLanguage":"es","potentialAction":[{"@type":"ReadAction","target":["https:\/\/www.itekcom.com\/collaborateurs\/aurelie-mendes\/"]}]},{"@type":"ImageObject","inLanguage":"es","@id":"https:\/\/www.itekcom.com\/collaborateurs\/aurelie-mendes\/#primaryimage","url":"https:\/\/www.itekcom.com\/wp-content\/uploads\/2024\/08\/Aurelie-Mendes.jpg","contentUrl":"https:\/\/www.itekcom.com\/wp-content\/uploads\/2024\/08\/Aurelie-Mendes.jpg","width":1134,"height":1349,"caption":"Aurelie-Mendes"},{"@type":"BreadcrumbList","@id":"https:\/\/www.itekcom.com\/collaborateurs\/aurelie-mendes\/#breadcrumb","itemListElement":[{"@type":"ListItem","position":1,"name":"Accueil","item":"https:\/\/www.itekcom.com\/"},{"@type":"ListItem","position":2,"name":"Aurelie MENDES"}]},{"@type":"WebSite","@id":"https:\/\/www.itekcom.com\/#website","url":"https:\/\/www.itekcom.com\/","name":"Agence Digitale Spécialisée en E-Santé et Marketing Médical","description":"Innover la Santé Digitale, Transformer Vos Ambitions","publisher":{"@id":"https:\/\/www.itekcom.com\/#organization"},"potentialAction":[{"@type":"SearchAction","target":{"@type":"EntryPoint","urlTemplate":"https:\/\/www.itekcom.com\/?s={search_term_string}"},"query-input":{"@type":"PropertyValueSpecification","valueRequired":true,"valueName":"search_term_string"}}],"inLanguage":"es"},{"@type":"Organization","@id":"https:\/\/www.itekcom.com\/#organization","name":"Agence Digitale Spécialisée en E-Santé et Marketing Médical","url":"https:\/\/www.itekcom.com\/","logo":{"@type":"ImageObject","inLanguage":"es","@id":"https:\/\/www.itekcom.com\/#\/schema\/logo\/image\/","url":"https:\/\/www.itekcom.com\/wp-content\/uploads\/2022\/10\/logo-itek.svg","contentUrl":"https:\/\/www.itekcom.com\/wp-content\/uploads\/2022\/10\/logo-itek.svg","caption":"Agence Digitale Spécialisée en E-Santé et Marketing Médical"},"image":{"@id":"https:\/\/www.itekcom.com\/#\/schema\/logo\/image\/"}}]}</script>
<!-- / Yoast SEO plugin. -->

Aurelie MENDES - Agencia digital especializada en cibersalud y marketing médico

Aurelie MENDES - Agence Digitale Spécialisée en E-Santé et Marketing Médical

Agence Digitale Spécialisée en E-Santé et Marketing Médical

Agencia digital especializada en sanidad electrónica y marketing médico
